 and i.
18
Let n be (6/(-9))/((-2)/12). Suppose -q - n = -2*q. Suppose 5*h = -4*f - f + 175, 12 = 4*h. What is the highest common divisor of q and f?
4
Suppose -640 - 485 = -9*i. Calculate the greatest common factor of 5 and i.
5
Suppose 132 = 2*t - 3*u, -3*u = -7 + 1. Calculate the highest common divisor of 2553 and t.
69
Let a(s) = s + s**3 + 0*s**3 - 2*s**2 - 2*s**3 + 0*s. Let z be a(-3). Let i be 42*2*5/10. What is the greatest common divisor of z and i?
6
Suppose 12*r - 10*r - 4 = 0. Suppose -r*q - 210 = -8*q. What is the highest common divisor of 14 and q?
7
Suppose -2*m + 21 = 2*f + 3*m, 0 = 5*f + 2*m - 42. Calculate the highest common factor of f and 344.
8
Let k = -3 - -7. Suppose 114*h + 44 = 115*h. Calculate the highest common factor of h and k.
4
Let y be (1 + 10)/(62/(-21) - -3). Calculate the greatest common divisor of 21 and y.
21
Suppose -2021 = -4*c + 3. Calculate the highest common factor of 46 and c.
46
Suppose 61*o = 59*o + 40. Suppose -v + 3*r + 11 = 0, -3*v - r = -2*r - 25. Calculate the highest common factor of o and v.
4
Let n(p) = p**3 + 2*p**2 - 12*p + 21. Let c be n(3). Calculate the greatest common divisor of c and 240.
30
Let a = 404 - 336. Calculate the highest common factor of a and 34.
34
Let v(o) = -o**2 - o + 8. Let n be v(0). Suppose -8*y - 2*y + 120 = 0. Calculate the highest common divisor of n and y.
4
Suppose 4*o + 5 = a + 34, -a = -3*o + 23. Calculate the greatest common divisor of o and 42.
6
Let t(p) = -5*p - 25. Let c be t(-8). Let n(h) = 119*h**3 + h**2. Let d be n(1). Calculate the greatest common factor of d and c.
15
Let y = -55 + 57. Suppose 0 = -0*c - 3*c. Suppose c*s = -3*s - y*r + 91, -5*s - r = -140. Calculate the greatest common factor of 54 and s.
27
Let z(g) = -g**2 - 10*g - 9. Let c be z(-9). Suppose -s + 52 - 20 = c. Let w = 18 + s. What is the greatest common factor of w and 20?
10
Let n(v) = -1 + 2*v**3 - 2*v - 6*v**2 - 7 + 6*v - v. Let m be n(4). Suppose 4 = 2*i, -4*f - 2*i + 0*i = -m. Calculate the greatest common divisor of f and 64.
8
Let c = -24 - -27. Suppose -3*q - 221 + 41 = 0. Let k = -36 - q. Calculate the greatest common factor of k and c.
3
Let u = 2666 + 972. Let b be u/136 + 2/8. Suppose 565 + 110 = 5*p. Calculate the greatest common factor of p and b.
27
Suppose 4*c - 1389 = 275. Calculate the greatest common divisor of c and 312.
104
Let j = -37 - -4. Let p = j + 41. What is the greatest common divisor of p and 1?
1
Let v be (232/(-145))/((-34)/10 + 3). What is the highest common factor of v and 28?
4
Suppose 405 = -0*b + 15*b. Let u = -4 + 1. Let h be 12 - (0 + u - -6). Calculate the greatest common factor of b and h.
9
Let c(d) = -7*d - 92. Let v be c(-16). Let k = -299 - -479. What is the highest common factor of v and k?
20
Let r be 4 - (-8 + 4 - (1 + 144)). What is the greatest common divisor of 18 and r?
9
Suppose 12 = m - 4. Let h = 28 - m. Suppose 0 = 2*v - 48 + h. Calculate the highest common divisor of v and 54.
18
Let i(y) be the second derivative of 3*y + 0 - 53/6*y**3 - y**2. Let f be i(-2). What is the greatest common divisor of f and 13?
13
Suppose -y + 75 = j, 3*j + y - 169 - 50 = 0. What is the highest common divisor of j and 936?
72
Suppose 19 = 3*i + b - 15, 5*b - 40 = -5*i. Let u(j) = 9*j**2 - 5*j - 5. Let n be u(-3). Calculate the highest common factor of i and n.
13
Let s = 9 - -63. Let t = s - 48. Calculate the greatest common divisor of t and 24.
24
Suppose 7*k + z - 15 = 2*k, -3*k - 5*z + 31 = 0. Suppose -k*h + 2*d = -5 - 3, 0 = -h - d - 2. Calculate the greatest common factor of h and 1.
1
Suppose 197*p = 189*p + 832. Calculate the highest common factor of p and 64.
8
Let h(g) = 83*g**2 + 10*g + 31. Let m be h(-3). Calculate the highest common factor of 132 and m.
44
Let f(t) = -t**3 + 8*t + 36. Let i be f(0). What is the highest common factor of i and 8?
4
Let y = 9 + -5. Let p(z) = 1 + 10 + 8*z - 19. Let k be p(5). What is the highest common factor of k and y?
4
Suppose -d - 2 = -5*y - 5, 12 = 4*d + 5*y. Suppose 4*x = -4*a + 24, -5*a + 2*x = -d*x - 80. Calculate the highest common divisor of a and 99.
11
Suppose -11*d + 382 = -8*d + 4*w, 4 = 4*w. Calculate the highest common divisor of 56 and d.
14
Let i(v) = v + 15. Let r = 20 + -33. Let b be i(r). Suppose -7*o = -b*o - 175. What is the greatest common factor of 5 and o?
5
Let p = -17 - -28. Calculate the greatest common divisor of p and 253.
11
Let l(n) = 7*n**2 + 6*n - 10. Let s be l(8). Calculate the highest common divisor of 54 and s.
54
Let k = -110 - -110. Suppose 4*b - 260 = -3*t + 8*b, 3*t - b - 254 = k. Suppose 2*y + 13 = 37. Calculate the greatest common divisor of y and t.
12
Suppose q - 17 = 46. Suppose 11*t = q - 41. Calculate the highest common divisor of t and 22.
2
Let j(v) = v**3 + 10*v**2 - 11*v + 20. Let t be j(-11). What is the greatest common factor of t and 540?
20
Let t(n) = -47*n**2 + 2*n + 2. Let h be t(-1). Let u = h - -122. Suppose 0 = -2*f + u + 21. What is the greatest common divisor of 6 and f?
6
Suppose 3*r - 12 = 3*i, 25 = 4*r + 4*i - 31. Let f = 12 - r. Let g = 19 - 13. Calculate the greatest common factor of g and f.
3
Let s(j) = j**2 - j + 4. Let z be s(0). Let o = 45 + 3. Suppose -2*a - 3*a + o = r, 2*r = z*a - 30. Calculate the greatest common factor of 54 and a.
9
Let z(h) = h**3 + 17*h**2 - 17*h + 14. Let a be z(-18). Let l(r) = r**3 + 5*r**2 - 8*r - 3. Let n be l(a). What is the highest common factor of 5 and n?
5
Suppose 5*c = f + 260, 5*f - 7*f - 96 = -2*c. Calculate the greatest common divisor of c and 1.
1
Let q be (54/12)/((-3)/(-8)). Let z be 28 - (-4)/(-10)*-5. What is the greatest common factor of q and z?
6
Let n(x) = x**3 + 4*x**2 - 18*x + 4. Let i be n(-6). Calculate the highest common divisor of 24 and i.
8
Let b be (-2)/(-6)*-4*-9. Let c(p) = -p**2 + 48*p + 244. Let s be c(52). Calculate the highest common divisor of s and b.
12
Let h be ((-9)/(-18))/(-2*1/(-284)). Let c = 76 - h. Calculate the greatest common factor of c and 2.
1
Let y(s) = -s**3 - 12*s**2 - 20*s - 20. Let i be y(-15). Suppose -4*m + i = -241. What is the highest common factor of m and 13?
13
Let v = 10 - 8. Let k = -126 - -245. Suppose -v*a + k = -21. Calculate the greatest common divisor of 7 and a.
7
Suppose 2 = -3*h - 7. Let n be 2*(9/(-6) - h). Let b be (-2)/6 - (-46)/n. What is the highest common divisor of b and 6?
3
Suppose 5*d - 2*y - 73 = 0, -4*d + 3*y = 5*y - 62. Let h = -17 + 27. Calculate the highest common factor of d and h.
5
Suppose u + 5 = -4*f, 0 = u - 4*f + 6*f - 1. Let z = 7 - u. Suppose 3*n - 5 = 2*q, z*q = -n - 5*q - 4. What is the highest common factor of n and 1?
1
Suppose 3*l = -19 + 58. Let a(p) = 0 - 4*p**2 + 5 + 2*p**2 + 4*p**2 - 2*p. Let t be a(6). Calculate the highest common divisor of t and l.
13
Let v = -53 + 172. What is the highest common divisor of 51 and v?
17
Let h(w) = -w**2 + 6*w + 45. Let n be h(6). What is the greatest common divisor of 54 and n?
9
Let j = 743 + -738. Calculate the greatest common factor of j and 135.
5
Suppose 5*i - 45 - 1044 = -d, 4*i = 4*d - 4284. Calculate the highest common divisor of d and 12.
6
Suppose -2*z = 4*u - 2, -u - 17 + 7 = 4*z. Let a be 20 + -2 - (-3 + u). Calculate the highest common divisor of 57 and a.
19
Suppose 2*v + 5 = 107. Suppose 0 = 3*z + 15, 5*z + 17 = -3*a + 1. Calculate the greatest common divisor of v and a.
3
Suppose 4*z - 24 = 8. Let y(g) = -4*g**2 - 29*g - 5. Let x be y(-5). Calculate the highest common divisor of x and z.
8
Suppose 13*s - 107 = 23. Calculate the greatest common factor of 8 and s.
2
Suppose 13*t - 70 = 18*t. Let n = -8 - t. Calculate the highest common factor of n and 3.
3
Suppose 2*u - 3 = -4*q - 25, 0 = 3*u - 4*q + 23. Let h = u + 13. What is the highest common factor of h and 10?
2
Let s = 22 + -2. Suppose -3*y + s = h - 4*y, -3*h + 4*y = -57. Let i = -54 - -77. Calculate the highest common divisor of h and i.
23
Suppose 369 = 3*m + p, -53 + 537 = 4*m + 4*p. Let t = m - 82. Calculate the greatest common divisor of 63 and t.
21
Let g = 178 - 481. Let x be 2/(g/(-99) + -3). What is the highest common divisor of x and 11?
11
Suppose 57 - 13 = 2*a. Let q = 15 - a. Let j be (-4 - q) + 3 + 7. What is the greatest common divisor of j and 39?
13
Let c(r) = r**3 - r